 is 5 - -11?
16
In base 2, what is 11 - 100000000?
-11111101
In base 10, what is -41 + 1?
-40
In base 9, what is 232 - 16?
215
In base 10, what is 5 - 90?
-85
In base 9, what is 3 + 5405?
5408
In base 16, what is a - -197?
1a1
In base 14, what is -3 - -55?
52
In base 9, what is -57 - -7?
-50
In base 3, what is -2021211 - -1?
-2021210
In base 3, what is 10 - -122021?
122101
In base 13, what is -661 + 4?
-65a
In base 4, what is 2132 - 0?
2132
In base 3, what is -2212000 - 11?
-2212011
In base 9, what is -8 - -82?
73
In base 13, what is 0 - -12c?
12c
In base 4, what is 3 + -213?
-210
In base 9, what is 4 - -46?
51
In base 4, what is 0 + -3120?
-3120
In base 9, what is 21 - -621?
642
In base 3, what is -21 - 12020?
-12111
In base 3, what is -12 + -101021?
-101110
In base 14, what is 4bb1 - 3?
4bac
In base 15, what is 12 + 2?
14
In base 12, what is 4b - -a?
59
In base 4, what is -10 - -102120?
102110
In base 9, what is 3171 - 0?
3171
In base 16, what is 4 - 10e?
-10a
In base 14, what is 1a + 124?
140
In base 9, what is 4 - -1?
5
In base 14, what is -23 - 43?
-66
In base 4, what is -1 - 3013?
-3020
In base 11, what is a - 63a?
-630
In base 16, what is -65 - -4?
-61
In base 13, what is 10 - -12?
22
In base 4, what is -312333 - -2?
-312331
In base 4, what is 12 + 13301?
13313
In base 14, what is -d + 4a?
3b
In base 4, what is -33022 - 111?
-33133
In base 8, what is -157 - -11?
-146
In base 2, what is 10011110 + -11?
10011011
In base 3, what is 2 + 102022000?
102022002
In base 4, what is -123 - -10111?
3322
In base 13, what is -69 + -6b?
-107
In base 8, what is -3311 + -6?
-3317
In base 12, what is -2 - 35?
-37
In base 10, what is 590 - 3?
587
In base 4, what is -11 - -1001?
330
In base 14, what is 8 + 11d?
127
In base 5, what is -1031 + -14?
-1100
In base 15, what is 14 + -7?
c
In base 13, what is 47a + -3?
477
In base 4, what is -10 - 130?
-200
In base 11, what is -90 + -5?
-95
In base 8, what is 110 - -1?
111
In base 10, what is -202 + 0?
-202
In base 4, what is -103 - -11?
-32
In base 2, what is 1101 - 1000010?
-110101
In base 11, what is 1 + 1347?
1348
In base 9, what is 2 + -3344?
-3342
In base 16, what is -3b - 8?
-43
In base 12, what is -59a5 - 1?
-59a6
In base 14, what is -755 + 3?
-752
In base 16, what is 51 + 8?
59
In base 9, what is 253 - -1?
254
In base 5, what is -13401 - -10?
-13341
In base 6, what is -4 - 213?
-221
In base 13, what is -12c + -4?
-133
In base 10, what is 4 + -1308?
-1304
In base 4, what is -330102 - 11?
-330113
In base 5, what is -1140223 - -10?
-1140213
In base 3, what is 200 + -12202?
-12002
In base 14, what is 4 - 21?
-1b
In base 6, what is 41 - -32?
113
In base 8, what is 642 + 22?
664
In base 10, what is 72 - -9?
81
In base 5, what is 11 - 4?
2
In base 12, what is -57 - -9?
-4a
In base 8, what is -4 + -224?
-230
In base 7, what is 44135 + 4?
44142
In base 2, what is 10010101101 - -1?
10010101110
In base 9, what is -40 + -11?
-51
In base 5, what is -3 + -130?
-133
In base 7, what is 4 - -133?
140
In base 3, what is 2 - 1120?
-1111
In base 16, what is -3 - 12cb?
-12ce
In base 15, what is -7111 + -2?
-7113
In base 3, what is -2 + 11100?
11021
In base 3, what is 11120220 + -11?
11120202
In base 6, what is -4 + -1402?
-1410
In base 3, what is -10 + -1120?
-1200
In base 11, what is 168 - 1?
167
In base 5, what is 4 + 124340?
124344
In base 13, what is 12a + 1?
12b
In base 16, what is -3 - -8d?
8a
In base 2, what is 100 - -1100101?
1101001
In base 14, what is 35 - -21?
56
In base 2, what is -110 + 11010?
10100
In base 11, what is -2 + -57?
-59
In base 3, what is -221 + 122020?
121022
In base 10, what is 27 - 3?
24
In base 14, what is 2 - 42?
-40
In base 15, what is -5 - -14d?
148
In base 6, what is -1155 - -5?
-1150
In base 13, what is 37 + -8?
2c
In base 15, what is -558 - -6?
-552
In base 3, what is -20210 - -10?
-20200
In base 6, what is -254 - -35?
-215
In base 2, what is 10101000 - 10?
10100110
In base 16, what is -3ee - a?
-3f8
In base 16, what is -7 - -8d?
86
In base 7, what is -1 + -2543?
-2544
In base 14, what is 18 - -3b5?
3cd
In base 6, what is 5 + 245?
254
In base 4, what is -330 - -1?
-323
In base 16, what is -60 - 3?
-63
In base 4, what is -3132 + -1231?
-11023
In base 14, what is 0 - -18?
18
In base 13, what is 9 - 190?
-184
In base 5, what is 3201 + 0?
3201
In base 12, what is 1a + 20?
3a
In base 11, what is -2 - -6?
4
In base 4, what is 22321 - -3?
22330
In base 16, what is 0 + 1f7?
1f7
In base 16, what is -96 - 15?
-ab
In base 5, what is -10 - 10?
-20
In base 3, what is -2012 - -201?
-1111
In base 14, what is -5 - -47?
42
In base 12, what is -276 - -7?
-26b
In base 12, what is -751 + -2?
-753
In base 6, what is -13 + -4155?
-4212
In base 8, what is -67 + 121?
32
In base 12, what is 4 + b72?
b76
In base 14, what is -5b7 + 2?
-5b5
In base 6, what is 1 + -252?
-251
In base 5, what is 11 - 1420?
-1404
In base 4, what is 2 + -1203?
-1201
In base 14, what is -30d + 2?
-30b
In base 9, what is -5 + -4?
-10
In base 15, what is -57 + 100?
98
In base 8, what is -16452 - -4?
-16446
In base 7, what is 166 - 23?
143
In base 7, what is 40 + -232?
-162
In base 10, what is -8 - -171?
163
In base 15, what is -3c - -3?
-39
In base 9, what is -28 - -20?
-8
In base 6, what is -223011 + -5?
-223020
In base 7, what is 115 + 30?
145
In base 11, what is 1275 + 8?
1282
In base 13, what is 24 - 3?
21
In base 13, what is -13 - -1a?
7
In base 16, what is 0 - -bc?
bc
In base 9, what is 46 - 3?
43
In base 11, what is 7 + 453?
45a
In base 16, what is -789 + 1?
-788
In base 4, what is -1003 + -10?
-1013
In base 7, what is -226 - 2?
-231
In base 16, what is 16 + 26?
3c
In base 2, what is -1 + 11010000?
11001111
In base 10, what is -8 - -17?
9
In base 11, what is 41 + 24?
65
In base 9, what is -34521 + 3?
-34517
In base 2, what is 11 + 1011011?
1011110
In base 12, what is -373 + -3?
-376
In base 16, what is 3d + -2?
3b
In base 14, what is -5 - 31?
-36
In base 9, what is 2 - 81?
-78
In base 11, what is 4 - 51?
-48
In base 9, what is -13 - -128?
115
In base 8, what is 5 + 144?
151
In base 8, what is -2 - -64?
62
In base 2, what is -110001 + -1?
-110010
In base 9, what is -134 + -2?
-136
In base 9, what is 273 + -3?
270
In base 13, what is 3 - ba?
-b7
In base 12, what is 4a - -8?
56
In base 2, what is 1000111100010 - -1?
1000111100011
In base 11, what is -67 + 81?
15
In base 2, what is 10 + 1?
11
In base 9, what is 18 - -1?
20
In base 7, what is -522 - -2?
-520
In base 7, what is 10513 + 4?
10520
In base 2, what is -10101 - 1011?
-100000
In base 14, what is 6 - 51d?
-517
In base 11, what is -1351 + 3?
-1349
In base 5, what is 11214 - -1?
11220
In base 9, what is 21776 - 4?
21772
In base 4, what is 23 - 1331?
-1302
In base 5, what is -243 + 41?
-202
In base 16, what is -4e84 + -5?
-4e89
In base 2, what is -11 - -10111?
10100
In base 6, what is 545 + -4?
541
In base 15, what is -5 - -64?
5e
In base 4, what is -120 - -123?
3
In base 11, what is 3 + -3633?
-3630
In base 5, what is 2 + -222?
-220
In base 15, what is -4 + -34?
-38
In base 13, what is 93 - 3?
90
In base 3, what is 102020202 - -11?
102020220
In base 9, what is -78 - -2?
-76
In base 16, what is 1a5e + 0?
1a5e
In base 12, what is -5b22 - -1?
-5b21
In base 15, what is -5 + -2bd?
-2c3
In base 6, what is 4 + -112?
-104
In base 8, what is -3 + -217?
-222
In base 3, what is -1 - 12221?
-12222
In base 6, what is -304212 - 1?
-304213
In base 15, what is 36 + -8?
2d
In base 11, what is -14a4 + -3?
-14a7
In base 2, what is -1000001110 + 101?
-1000001001
In base 15, what is 40 + -7?
38
In base 11, what is 0 + 50?
50
In base 15, what is 2 + -4e8?
-4e6
In base 8, what is -3 - 154?
-157
In base 13, what is 571 + -3?
56b
In base 6, what is -1 + 30122?
30121
In base 16, what is 7 + -3c?
-35
In base 8, what is -10 - -10750?
10740
In base 15, what is 1 - -223?
224
In base 13, what is ba + -b?
ac
In base 12, what is -12 + 5?
-9
In base 7, what is -3431 - -2?
-3426
In base 6, what is 0 - 232?
-232
In base 12, what is -2 - -108?
106
In base 10, what is 29 - -5?
34
In base 9, what is -1 - 345?
-346
In base 9, what is -137 + 4?
-133
In base 4, what is 10121 - 0?
10121
In base 11, what is 16 - 16?
0
In base 12, what is -49 + 3?
-46
In base 10, what is -20030 + 1?
-20029
In base 9, what is 50 + 5?
55
In 